 is 111200002 - -1012?
111201021
In base 10, what is 0 + -606385?
-606385
In base 4, what is -30 + 11303221?
11303131
In base 8, what is -260 - -2345?
2065
In base 4, what is 12322033 - 10?
12322023
In base 7, what is 1026 + -2542?
-1513
In base 13, what is cc - -378?
477
In base 11, what is -3650 - 214?
-3864
In base 3, what is 11 - 111122021212?
-111122021201
In base 3, what is -1101112211 - -2?
-1101112202
In base 5, what is 124022 + -12?
124010
In base 14, what is 32445 - c?
32437
In base 14, what is 2719 - d5?
2624
In base 6, what is -1211 + 1023?
-144
In base 2, what is 11110000 - 110000?
11000000
In base 5, what is 113231 - 210?
113021
In base 6, what is 15 - 3401?
-3342
In base 7, what is 3610210 - -4?
3610214
In base 14, what is -145 + 1b8?
73
In base 12, what is -3 + -439155?
-439158
In base 8, what is -6355 - 1453?
-10030
In base 15, what is 41530 + -2?
4152d
In base 7, what is 0 - 2062520?
-2062520
In base 10, what is -130974 - -5?
-130969
In base 16, what is -59 - -31?
-28
In base 16, what is 3b1 + -25?
38c
In base 3, what is 21110 + -21012?
21
In base 15, what is 101 - -1d?
11e
In base 7, what is 3504514 - -4?
3504521
In base 6, what is 552200 - -44?
552244
In base 9, what is 38360 - 5?
38354
In base 11, what is 41 - -150?
191
In base 9, what is -164 - -716?
542
In base 7, what is -361405 - 3?
-361411
In base 3, what is -1020210 - -2200?
-1011010
In base 13, what is -4 - -10b6c5?
10b6c1
In base 10, what is -3071 + -38?
-3109
In base 11, what is 2 + -11a89?
-11a87
In base 2, what is -100011 + 10111111011110?
10111110111011
In base 3, what is 111 - 1201002020?
-1201001202
In base 8, what is 162 + 35?
217
In base 7, what is -5 - 2450332?
-2450340
In base 16, what is 9 + 41b4?
41bd
In base 7, what is -521450 - 3?
-521453
In base 4, what is -232233132 - -13?
-232233113
In base 10, what is -758620 + -3?
-758623
In base 14, what is 0 + -17a3cd?
-17a3cd
In base 7, what is -3666 + -136?
-4135
In base 11, what is -a7a + 5a?
-a20
In base 6, what is 2302 - -25?
2331
In base 7, what is 461413 + -13?
461400
In base 14, what is -1982ca + -3?
-1982cd
In base 12, what is 2 - 5a3b?
-5a39
In base 14, what is -11 - d7a?
-d8b
In base 15, what is 2 + 31d6?
31d8
In base 5, what is 3 - 13331?
-13323
In base 2, what is -100011111 + -1011?
-100101010
In base 9, what is -12 + -6334?
-6346
In base 8, what is -307 + 6351?
6042
In base 11, what is -4 - -5304a?
53046
In base 16, what is -2178 - -2?
-2176
In base 13, what is 6c625 - -2?
6c627
In base 16, what is b2 + -95?
1d
In base 4, what is 10201331332 + 10?
10201332002
In base 9, what is 6170 + -86?
6073
In base 6, what is 32002122 - 1?
32002121
In base 5, what is -340230403 - -4?
-340230344
In base 2, what is -100 + 100101010011101?
100101010011001
In base 7, what is 26422 - 20?
26402
In base 4, what is -212123 - 10032?
-222221
In base 8, what is 1472 - -6?
1500
In base 15, what is 93 - -a25?
ab8
In base 12, what is -75a + 8?
-752
In base 12, what is -2a - 13a76?
-13aa4
In base 10, what is -6 - 4540?
-4546
In base 7, what is -5 + -31241?
-31246
In base 8, what is -5213 + -163?
-5376
In base 6, what is -4121122 - -42?
-4121040
In base 15, what is -5 + -a3d93?
-a3d98
In base 7, what is -36204 - 3?
-36210
In base 6, what is -5 + 22214003?
22213554
In base 8, what is -3 - -1332362?
1332357
In base 8, what is 5004731 + -3?
5004726
In base 8, what is 134531 + 3?
134534
In base 16, what is b + 1dd2d?
1dd38
In base 6, what is -1 - 15115312?
-15115313
In base 4, what is 0 - -122313012?
122313012
In base 7, what is -14454135 - -3?
-14454132
In base 12, what is -272 + -18?
-28a
In base 2, what is 1 - -1010010111011?
1010010111100
In base 2, what is -1 - -10101011101?
10101011100
In base 15, what is -74 + -13ab?
-1430
In base 9, what is 62 + -22636?
-22564
In base 13, what is 5c8436 + 3?
5c8439
In base 16, what is 5c1 - e9?
4d8
In base 4, what is 233 - 11203?
-10310
In base 4, what is -21113320 + 33?
-21113221
In base 6, what is 205053023 - 0?
205053023
In base 7, what is -525 + 430?
-65
In base 6, what is 0 - -104225012?
104225012
In base 3, what is 11212210 + -11?
11212122
In base 8, what is -111044 + 2?
-111042
In base 7, what is 153001 + 1?
153002
In base 4, what is -223 - -112303?
112020
In base 8, what is 20324 - -134?
20460
In base 11, what is -10209 + 373?
-a946
In base 16, what is -273 + e?
-265
In base 9, what is 5 - 3216?
-3211
In base 11, what is 4303 + -5?
42a9
In base 16, what is 1c303 - 0?
1c303
In base 2, what is 10101101 - -1011100110?
1110010011
In base 4, what is 10012 + -223323?
-213311
In base 5, what is 34 + 1201033?
1201122
In base 10, what is 71092 - 62?
71030
In base 4, what is 2021003310 + 3?
2021003313
In base 13, what is 568 - -5?
570
In base 6, what is -1 + -3141045?
-3141050
In base 9, what is 13257 - 4?
13253
In base 6, what is 13 + -22203025?
-22203012
In base 6, what is 4254305 + -3?
4254302
In base 14, what is 28a2 + -17?
2889
In base 3, what is -11 - 202211200012?
-202211200100
In base 9, what is -22 - -5481?
5458
In base 2, what is -10110 - 101100000100?
-101100011010
In base 3, what is -11 - -10220202000?
10220201212
In base 8, what is 12 - -12540?
12552
In base 2, what is 10000001011 + 110100110?
10110110001
In base 5, what is -10 - 2400322?
-2400332
In base 2, what is -11011000101000000111000 - -101?
-11011000101000000110011
In base 11, what is -2 + 77332?
77330
In base 14, what is 0 + 7aa8?
7aa8
In base 5, what is -14104314 + -22?
-14104341
In base 12, what is 10 + 63b70?
63b80
In base 12, what is -81 - -1487?
1406
In base 5, what is 0 - -10004422?
10004422
In base 12, what is 10 - 115a?
-114a
In base 13, what is 4 - 1062?
-105b
In base 10, what is 1419 - 3?
1416
In base 9, what is 6006 - 11?
5885
In base 13, what is -4cac5 + 8?
-4caba
In base 9, what is 5 - 12164?
-12158
In base 15, what is -89bac + 3?
-89ba9
In base 5, what is 4 - -13001013?
13001022
In base 14, what is -4b55d + 0?
-4b55d
In base 9, what is -444 + 132?
-312
In base 2, what is 1110111101100110110111 + 1?
1110111101100110111000
In base 7, what is 0 + 20156?
20156
In base 15, what is 3145 - 2?
3143
In base 4, what is -1020130031 - 1?
-1020130032
In base 2, what is -1100 + 11000110?
10111010
In base 3, what is -100021 + 12111220?
12011122
In base 13, what is -1247 + -1089?
-2303
In base 4, what is 23313123 - 11?
23313112
In base 10, what is 436206 - 4?
436202
In base 6, what is -13 + -14552?
-15005
In base 16, what is -4 + -2b990?
-2b994
In base 10, what is 5 - 32777?
-32772
In base 3, what is 2002 - -1002122?
1011201
In base 15, what is 421 - 281?
190
In base 11, what is 0 + 16835?
16835
In base 15, what is -16d - 9?
-177
In base 6, what is -3 + 25442521?
25442514
In base 15, what is 2 - -23a9?
23ab
In base 15, what is -73 + -5d4?
-657
In base 15, what is -1328 + -27?
-1350
In base 4, what is 300 + -31133?
-30233
In base 12, what is -9 - -59294?
59287
In base 16, what is 149 - -135?
27e
In base 10, what is -4 - 264352?
-264356
In base 14, what is 2 - -1a95?
1a97
In base 6, what is 3531 - -30?
4001
In base 4, what is -10110221 + 1?
-10110220
In base 11, what is -2a + -2213?
-2242
In base 2, what is 10000010111110 - 1101?
10000010110001
In base 5, what is 2243430 + -4?
2243421
In base 3, what is 11 - 1211201100211?
-1211201100200
In base 9, what is 15654 - 4?
15650
In base 7, what is 5 - -125215?
125223
In base 8, what is 1142 + -1642?
-500
In base 6, what is 134 - -1540?
2114
In base 5, what is -12 + -3301304?
-3301321
In base 3, what is -21220222 + 102?
-21220120
In base 2, what is -1110001 + 101010001?
11100000
In base 4, what is -11131 + 13033?
1302
In base 9, what is -4 + 21488?
21484
In base 6, what is 10 + -24314013?
-24314003
In base 11, what is 10 + -a98?
-a88
In base 13, what is 308 - 1a?
2bb
In base 11, what is -a4a - 1?
-a50
In base 13, what is -2623 + -322?
-2945
In base 16, what is 1bc - -7d1?
98d
In base 15, what is 1e - 452?
-433
In base 11, what is 2687 - 9?
2679
In base 7, what is -5 - 362212?
-362220
In base 10, what is 8 + -149650?
-149642
In base 14, what is -5051 + 43?
-500c
In base 15, what is -182 - -78?
-109
In base 12, what is -26 - -111b?
10b5
In base 11, what is -2255a71 - -2?
-2255a6a
In base 8, what is -2360 - -36?
-2322
In base 14, what is -4 + -1067b?
-10681
In base 14, what is 